{"version":"1.0","provider_name":"Le Reflet \/ The News","provider_url":"https:\/\/refletnews.ca\/en\/","author_name":"ezn2_spadmin","author_url":"https:\/\/refletnews.ca\/en\/author\/ezn2_spadmin\/","title":"Le CSDCEO c\u00e9l\u00e8bre la journ\u00e9e des franco-ontariens - Le Reflet \/ The News","type":"rich","width":600,"height":338,"html":"<blockquote class=\"wp-embedded-content\" data-secret=\"1AAn8A243o\"><a href=\"https:\/\/refletnews.ca\/en\/culture\/le-csdceo-celebre-la-journee-des-franco-ontariens\/\">Le CSDCEO c\u00e9l\u00e8bre la journ\u00e9e des franco-ontariens<\/a><\/blockquote><iframe sandbox=\"allow-scripts\" security=\"restricted\" src=\"https:\/\/refletnews.ca\/en\/culture\/le-csdceo-celebre-la-journee-des-franco-ontariens\/embed\/#?secret=1AAn8A243o\" width=\"600\" height=\"338\" title=\"&#8220;Le CSDCEO c\u00e9l\u00e8bre la journ\u00e9e des franco-ontariens&#8221; &#8212; Le Reflet \/ The News\" data-secret=\"1AAn8A243o\" frameborder=\"0\" marginwidth=\"0\" marginheight=\"0\" scrolling=\"no\" class=\"wp-embedded-content\"><\/iframe><script type=\"text\/javascript\">\n\/* <![CDATA[ *\/\n\/*! This file is auto-generated *\/\n!function(d,l){\"use strict\";l.querySelector&&d.addEventListener&&\"undefined\"!=typeof URL&&(d.wp=d.wp||{},d.wp.receiveEmbedMessage||(d.wp.receiveEmbedMessage=function(e){var t=e.data;if((t||t.secret||t.message||t.value)&&!\/[^a-zA-Z0-9]\/.test(t.secret)){for(var s,r,n,a=l.querySelectorAll('iframe[data-secret=\"'+t.secret+'\"]'),o=l.querySelectorAll('blockquote[data-secret=\"'+t.secret+'\"]'),c=new RegExp(\"^https?:$\",\"i\"),i=0;i<o.length;i++)o[i].style.display=\"none\";for(i=0;i<a.length;i++)s=a[i],e.source===s.contentWindow&&(s.removeAttribute(\"style\"),\"height\"===t.message?(1e3<(r=parseInt(t.value,10))?r=1e3:~~r<200&&(r=200),s.height=r):\"link\"===t.message&&(r=new URL(s.getAttribute(\"src\")),n=new URL(t.value),c.test(n.protocol))&&n.host===r.host&&l.activeElement===s&&(d.top.location.href=t.value))}},d.addEventListener(\"message\",d.wp.receiveEmbedMessage,!1),l.addEventListener(\"DOMContentLoaded\",function(){for(var e,t,s=l.querySelectorAll(\"iframe.wp-embedded-content\"),r=0;r<s.length;r++)(t=(e=s[r]).getAttribute(\"data-secret\"))||(t=Math.random().toString(36).substring(2,12),e.src+=\"#?secret=\"+t,e.setAttribute(\"data-secret\",t)),e.contentWindow.postMessage({message:\"ready\",secret:t},\"*\")},!1)))}(window,document);\n\/* ]]> *\/\n<\/script>\n","thumbnail_url":"https:\/\/cdn.editionap.ca\/wp-content\/uploads\/sites\/3\/2021\/09\/c1d5d3c3-bf42-48ea-b4a7-21ccbfaba3e6.jpg","thumbnail_width":616,"thumbnail_height":401,"description":"Pour c\u00e9l\u00e9brer la Journ\u00e9e des Franco-Ontariens, le 25 septembre, le CSDCEO invite toute la communaut\u00e9 \u00e0 participer en grand nombre \u00e0 la m\u00e9ga c\u00e9l\u00e9bration virtuelle\u202fEncore ensemble,\u202fle 24 septembre prochain.\u202f\u202f"}

Le CSDCEO célèbre la journée des franco-ontariens - Le Reflet / The News

<blockquote class="wp-embedded-content" data-secret="1AAn8A243o"><a href="https://refletnews.ca/en/culture/le-csdceo-celebre-la-journee-des-franco-ontariens/">Le CSDCEO célèbre la journée des franco-ontariens</a></blockquote><iframe sandbox="allow-scripts" security="restricted" src="https://refletnews.ca/en/culture/le-csdceo-celebre-la-journee-des-franco-ontariens/embed/#?secret=1AAn8A243o" width="600" height="338" title="&#8220;Le CSDCEO célèbre la journée des franco-ontariens&#8221; &#8212; Le Reflet / The News" data-secret="1AAn8A243o" frameborder="0" marginwidth="0" marginheight="0" scrolling="no" class="wp-embedded-content"></iframe><script type="text/javascript">
/* <![CDATA[ */
/*! This file is auto-generated */
!function(d,l){"use strict";l.querySelector&&d.addEventListener&&"undefined"!=typeof URL&&(d.wp=d.wp||{},d.wp.receiveEmbedMessage||(d.wp.receiveEmbedMessage=function(e){var t=e.data;if((t||t.secret||t.message||t.value)&&!/[^a-zA-Z0-9]/.test(t.secret)){for(var s,r,n,a=l.querySelectorAll('iframe[data-secret="'+t.secret+'"]'),o=l.querySelectorAll('blockquote[data-secret="'+t.secret+'"]'),c=new RegExp("^https?:$","i"),i=0;i<o.length;i++)o[i].style.display="none";for(i=0;i<a.length;i++)s=a[i],e.source===s.contentWindow&&(s.removeAttribute("style"),"height"===t.message?(1e3<(r=parseInt(t.value,10))?r=1e3:~~r<200&&(r=200),s.height=r):"link"===t.message&&(r=new URL(s.getAttribute("src")),n=new URL(t.value),c.test(n.protocol))&&n.host===r.host&&l.activeElement===s&&(d.top.location.href=t.value))}},d.addEventListener("message",d.wp.receiveEmbedMessage,!1),l.addEventListener("DOMContentLoaded",function(){for(var e,t,s=l.querySelectorAll("iframe.wp-embedded-content"),r=0;r<s.length;r++)(t=(e=s[r]).getAttribute("data-secret"))||(t=Math.random().toString(36).substring(2,12),e.src+="#?secret="+t,e.setAttribute("data-secret",t)),e.contentWindow.postMessage({message:"ready",secret:t},"*")},!1)))}(window,document);
/* ]]> */
</script>

Pour célébrer la Journée des Franco-Ontariens, le 25 septembre, le CSDCEO invite toute la communauté à participer en grand nombre à la méga célébration virtuelle Encore ensemble, le 24 septembre prochain.
