{"version":"1.0","provider_name":"Le Reflet \/ The News","provider_url":"https:\/\/refletnews.ca\/en\/","author_name":"ezn2_spadmin","author_url":"https:\/\/refletnews.ca\/en\/author\/ezn2_spadmin\/","title":"Le temps de l\u2019amour et de l\u2019entrepreneuriat - Le Reflet \/ The News","type":"rich","width":600,"height":338,"html":"<blockquote class=\"wp-embedded-content\" data-secret=\"vonEEXn3m2\"><a href=\"https:\/\/refletnews.ca\/en\/affaires\/le-temps-de-lamour-et-de-lentrepreneuriat\/\">Le temps de l\u2019amour et de l\u2019entrepreneuriat<\/a><\/blockquote><iframe sandbox=\"allow-scripts\" security=\"restricted\" src=\"https:\/\/refletnews.ca\/en\/affaires\/le-temps-de-lamour-et-de-lentrepreneuriat\/embed\/#?secret=vonEEXn3m2\" width=\"600\" height=\"338\" title=\"&#8220;Le temps de l\u2019amour et de l\u2019entrepreneuriat&#8221; &#8212; Le Reflet \/ The News\" data-secret=\"vonEEXn3m2\" frameborder=\"0\" marginwidth=\"0\" marginheight=\"0\" scrolling=\"no\" class=\"wp-embedded-content\"><\/iframe><script type=\"text\/javascript\">\n\/* <![CDATA[ *\/\n\/*! This file is auto-generated *\/\n!function(d,l){\"use strict\";l.querySelector&&d.addEventListener&&\"undefined\"!=typeof URL&&(d.wp=d.wp||{},d.wp.receiveEmbedMessage||(d.wp.receiveEmbedMessage=function(e){var t=e.data;if((t||t.secret||t.message||t.value)&&!\/[^a-zA-Z0-9]\/.test(t.secret)){for(var s,r,n,a=l.querySelectorAll('iframe[data-secret=\"'+t.secret+'\"]'),o=l.querySelectorAll('blockquote[data-secret=\"'+t.secret+'\"]'),c=new RegExp(\"^https?:$\",\"i\"),i=0;i<o.length;i++)o[i].style.display=\"none\";for(i=0;i<a.length;i++)s=a[i],e.source===s.contentWindow&&(s.removeAttribute(\"style\"),\"height\"===t.message?(1e3<(r=parseInt(t.value,10))?r=1e3:~~r<200&&(r=200),s.height=r):\"link\"===t.message&&(r=new URL(s.getAttribute(\"src\")),n=new URL(t.value),c.test(n.protocol))&&n.host===r.host&&l.activeElement===s&&(d.top.location.href=t.value))}},d.addEventListener(\"message\",d.wp.receiveEmbedMessage,!1),l.addEventListener(\"DOMContentLoaded\",function(){for(var e,t,s=l.querySelectorAll(\"iframe.wp-embedded-content\"),r=0;r<s.length;r++)(t=(e=s[r]).getAttribute(\"data-secret\"))||(t=Math.random().toString(36).substring(2,12),e.src+=\"#?secret=\"+t,e.setAttribute(\"data-secret\",t)),e.contentWindow.postMessage({message:\"ready\",secret:t},\"*\")},!1)))}(window,document);\n\/* ]]> *\/\n<\/script>\n","thumbnail_url":"https:\/\/cdn.editionap.ca\/wp-content\/uploads\/sites\/3\/2019\/12\/bba2a924-51f3-44cd-aeed-6074e458f635-scaled-1.jpg","thumbnail_width":2560,"thumbnail_height":1920,"description":"On sait tous que l\u2019entrepreneuriat constitue l\u2019un des principaux moteurs de croissance \u00e9conomique de l\u2019\u00e9conomie canadienne. Ce que l\u2019on sait moins c\u2019est que les entrepreneurs sont une esp\u00e8ce menac\u00e9e, peut-\u00eatre \u00e0 cause m\u00eame du principal trait de caract\u00e8re qui fait leur force: on ne leur permet pas d\u2019\u00eatre faibles, qu\u2019ils soient des femmes ou des hommes, ils sont toujours cens\u00e9s \u00eatre motiv\u00e9s et travailler tr\u00e8s fort, selon Doreen Ashton Wagner, animatrice de groupe et organisatrice d\u2019\u00e9v\u00e8nements communautaires."}

On sait tous que l’entrepreneuriat constitue l’un des principaux moteurs de croissance économique de l’économie canadienne. Ce que l’on sait moins c’est que les entrepreneurs sont une espèce menacée, peut-être à cause même du principal trait de caractère qui fait leur force: on ne leur permet pas d’être faibles, qu’ils soient des femmes ou des hommes, ils sont toujours censés être motivés et travailler très fort, selon Doreen Ashton Wagner, animatrice de groupe et organisatrice d’évènements communautaires.
