{"version":"1.0","provider_name":"Le Reflet \/ The News","provider_url":"https:\/\/refletnews.ca\/en\/","author_name":"Gabrielle Vinette","author_url":"https:\/\/refletnews.ca\/en\/author\/gabrielle\/","title":"Casselman presse la province pour des soins \u00e9quitables - Le Reflet \/ The News","type":"rich","width":600,"height":338,"html":"<blockquote class=\"wp-embedded-content\" data-secret=\"CNHR5jzcYb\"><a href=\"https:\/\/refletnews.ca\/en\/actualites\/casselman-presse-la-province-pour-des-soins-equitables\/\">Casselman presse la province pour des soins \u00e9quitables<\/a><\/blockquote><iframe sandbox=\"allow-scripts\" security=\"restricted\" src=\"https:\/\/refletnews.ca\/en\/actualites\/casselman-presse-la-province-pour-des-soins-equitables\/embed\/#?secret=CNHR5jzcYb\" width=\"600\" height=\"338\" title=\"&#8220;Casselman presse la province pour des soins \u00e9quitables&#8221; &#8212; Le Reflet \/ The News\" data-secret=\"CNHR5jzcYb\" frameborder=\"0\" marginwidth=\"0\" marginheight=\"0\" scrolling=\"no\" class=\"wp-embedded-content\"><\/iframe><script type=\"text\/javascript\">\n\/* <![CDATA[ *\/\n\/*! This file is auto-generated *\/\n!function(d,l){\"use strict\";l.querySelector&&d.addEventListener&&\"undefined\"!=typeof URL&&(d.wp=d.wp||{},d.wp.receiveEmbedMessage||(d.wp.receiveEmbedMessage=function(e){var t=e.data;if((t||t.secret||t.message||t.value)&&!\/[^a-zA-Z0-9]\/.test(t.secret)){for(var s,r,n,a=l.querySelectorAll('iframe[data-secret=\"'+t.secret+'\"]'),o=l.querySelectorAll('blockquote[data-secret=\"'+t.secret+'\"]'),c=new RegExp(\"^https?:$\",\"i\"),i=0;i<o.length;i++)o[i].style.display=\"none\";for(i=0;i<a.length;i++)s=a[i],e.source===s.contentWindow&&(s.removeAttribute(\"style\"),\"height\"===t.message?(1e3<(r=parseInt(t.value,10))?r=1e3:~~r<200&&(r=200),s.height=r):\"link\"===t.message&&(r=new URL(s.getAttribute(\"src\")),n=new URL(t.value),c.test(n.protocol))&&n.host===r.host&&l.activeElement===s&&(d.top.location.href=t.value))}},d.addEventListener(\"message\",d.wp.receiveEmbedMessage,!1),l.addEventListener(\"DOMContentLoaded\",function(){for(var e,t,s=l.querySelectorAll(\"iframe.wp-embedded-content\"),r=0;r<s.length;r++)(t=(e=s[r]).getAttribute(\"data-secret\"))||(t=Math.random().toString(36).substring(2,12),e.src+=\"#?secret=\"+t,e.setAttribute(\"data-secret\",t)),e.contentWindow.postMessage({message:\"ready\",secret:t},\"*\")},!1)))}(window,document);\n\/* ]]> *\/\n<\/script>\n","thumbnail_url":"https:\/\/cdn.editionap.ca\/wp-content\/uploads\/sites\/3\/2024\/08\/ACTGV_Casselmans_Civic_Engagement.jpg","thumbnail_width":1259,"thumbnail_height":813,"description":"La mairesse de Casselman, Genevi\u00e8ve Lajoie, rassure les r\u00e9sidents en disant qu\u2019elle a profit\u00e9 de la conf\u00e9rence annuelle de l\u2019Association des municipalit\u00e9s de l\u2019Ontario (AMO) pour soulever des pr\u00e9occupations urgentes quant \u00e0 la fa\u00e7on dont la formule de financement des soins de sant\u00e9 de la province d\u00e9savantage la collectivit\u00e9.\u00a0"}

Casselman presse la province pour des soins équitables - Le Reflet / The News

<blockquote class="wp-embedded-content" data-secret="CNHR5jzcYb"><a href="https://refletnews.ca/en/actualites/casselman-presse-la-province-pour-des-soins-equitables/">Casselman presse la province pour des soins équitables</a></blockquote><iframe sandbox="allow-scripts" security="restricted" src="https://refletnews.ca/en/actualites/casselman-presse-la-province-pour-des-soins-equitables/embed/#?secret=CNHR5jzcYb" width="600" height="338" title="&#8220;Casselman presse la province pour des soins équitables&#8221; &#8212; Le Reflet / The News" data-secret="CNHR5jzcYb" frameborder="0" marginwidth="0" marginheight="0" scrolling="no" class="wp-embedded-content"></iframe><script type="text/javascript">
/* <![CDATA[ */
/*! This file is auto-generated */
!function(d,l){"use strict";l.querySelector&&d.addEventListener&&"undefined"!=typeof URL&&(d.wp=d.wp||{},d.wp.receiveEmbedMessage||(d.wp.receiveEmbedMessage=function(e){var t=e.data;if((t||t.secret||t.message||t.value)&&!/[^a-zA-Z0-9]/.test(t.secret)){for(var s,r,n,a=l.querySelectorAll('iframe[data-secret="'+t.secret+'"]'),o=l.querySelectorAll('blockquote[data-secret="'+t.secret+'"]'),c=new RegExp("^https?:$","i"),i=0;i<o.length;i++)o[i].style.display="none";for(i=0;i<a.length;i++)s=a[i],e.source===s.contentWindow&&(s.removeAttribute("style"),"height"===t.message?(1e3<(r=parseInt(t.value,10))?r=1e3:~~r<200&&(r=200),s.height=r):"link"===t.message&&(r=new URL(s.getAttribute("src")),n=new URL(t.value),c.test(n.protocol))&&n.host===r.host&&l.activeElement===s&&(d.top.location.href=t.value))}},d.addEventListener("message",d.wp.receiveEmbedMessage,!1),l.addEventListener("DOMContentLoaded",function(){for(var e,t,s=l.querySelectorAll("iframe.wp-embedded-content"),r=0;r<s.length;r++)(t=(e=s[r]).getAttribute("data-secret"))||(t=Math.random().toString(36).substring(2,12),e.src+="#?secret="+t,e.setAttribute("data-secret",t)),e.contentWindow.postMessage({message:"ready",secret:t},"*")},!1)))}(window,document);
/* ]]> */
</script>

La mairesse de Casselman, Geneviève Lajoie, rassure les résidents en disant qu’elle a profité de la conférence annuelle de l’Association des municipalités de l’Ontario (AMO) pour soulever des préoccupations urgentes quant à la façon dont la formule de financement des soins de santé de la province désavantage la collectivité.
